p = -2*p - 133. Let a(j) = -5*j**2 + 35*j - 6. Determine a(p).
-6
Suppose o = -4*l - 12, 0*o - 12 = 4*l - 2*o. Let p be (-1)/l - 144/(-54). Suppose x = -8 + p. Let g(n) = 5*n + 1. Give g(x).
-24
Let z be -25 + 16 + 110/12. Let y(f) be the second derivative of 7*f + z*f**3 + 1/12*f**4 + 0 - 11/2*f**2 - 1/20*f**5. Determine y(0).
-11
Suppose 12 = -11*h + 13*h + 2*x, 3*x = -5*h + 26. Let j(i) = 4*i**3 - 4*i**2 - 6*i**2 + 2*i - 5*i**3 + 2*i**3 - h*i**2 - 21. What is j(14)?
7
Let v(d) = d + 1. Let t = 50 + -49. Let m(o) = 3*o + 1 + t - 3 - 1. Let a be m(-1). Determine v(a).
-4
Let a(c) be the third derivative of -11*c**4/24 + c**3/3 + 2446*c**2. Give a(-2).
24
Let y(g) = -g**3 + 7*g**2 - 7*g + 10. Let o(m) = m**2 - m. Let z(f) = -5*f**2 + 80*f + 114. Let b(n) = -3*o(n) - z(n). Let s be b(40). Calculate y(s).
4
Let w(g) = -2*g**3 + 2*g**2 + 2*g + 3. Let o = 174 - 165. Let l(n) = n - 6. Let q be l(o). Determine w(q).
-27
Suppose 5*r - 5*p = -5, 0 = p + 1. Let c(i) = -2*i**2 - 2*i - 2. Suppose -2*b - 4 = -4*b. Let u(k) = -2*k**2 - 3*k - 3. Let t(x) = b*u(x) - 3*c(x). Give t(r).
8
Suppose -11*b - 50 = -14*b - 5*g, -20 = -4*b + 5*g. Let l(w) = 356*w**2 + b*w - 11*w - 347*w**2. Calculate l(1).
8
Let u(h) = 24*h - 14. Let g(x) = -5*x + 3. Let p(r) = -9*g(r) - 2*u(r). Determine p(1).
-2
Let h(p) = -4*p - 18 + 6*p + 17. Let s(u) = u - 1. Let o(i) = 2*h(i) - 5*s(i). Let t be o(6). Let k(a) = -2*a**2 - 4*a. What is k(t)?
-6
Let a be (0/1 - 3) + 112. Let s = a - 105. Let z(j) = -110*j - 111*j + 220*j + s. What is z(-5)?
9
Let u(n) = -11*n - 27. Let r = 5278 - 5283. Determine u(r).
28
Let m be (0/1)/(1*7/28*-4). Let i(s) be the second derivative of -s**2 + m - 1/12*s**4 + 1/6*s**3 + 16*s. Give i(0).
-2
Let w(j) = 4*j**2 - 9*j + 1. Let q(u) = -30*u - 57*u + 9*u**2 + 3 + 68*u. Let r(h) = -3*q(h) + 7*w(h). Determine r(5).
-7
Let j(q) = q**3 - 7*q**2 - q + 7. Suppose -5943 - 1831 = 13*m. Let y = m - -605. Calculate j(y).
0
Let g(a) = -a**3 + 272 + 356*a + 3*a**3 - 534 - 355*a + 266. Give g(-2).
-14
Let t(j) = 5030 - 25*j + 5020 - 15067 + 5037. Give t(-3).
95
Let a = -1984 + 1981. Let y(p) be the third derivative of 0 + 0*p - 5*p**2 - 1/30*p**5 - 5/24*p**4 - 1/3*p**3. Determine y(a).
-5
Let d = -253 - -256. Let y(u) = -39*u**2 + d*u**2 + 28*u**2 + u**3 + u - 4. What is y(8)?
4
Let l = -11 + 7. Let y(q) be the third derivative of -q**4/24 - q**3 + 64*q**2 - 2*q. Determine y(l).
-2
Let w(g) be the second derivative of g**5/60 + g**4/24 - g**3/6 + 77*g**2 + 4*g + 6. Let q(y) be the second derivative of w(y). What is q(0)?
1
Let m(w) = -3*w - 17. Let p be m(-3). Let y(c) = c**3 + 28*c - 5 - 3*c**2 - 20*c + 10*c**2 - 16*c. What is y(p)?
-5
Let p(y) = -y**3 + 12*y**2 - 23*y - 95. Let d be p(8). Let c(w) = -w**3 - 23*w**2 + 2*w + 51. Determine c(d).
5
Suppose 3*a = a - 6, 0 = 5*s + 2*a - 14. Suppose -31*p + 82 = 20. Let j(k) = -k - 4 - 5*k**3 + s*k**3 - 3*k**p + 3. What is j(-2)?
-3
Let k(j) = -j**2 + 12*j - 28. Let s be 14/3 + 264/792. Determine k(s).
7
Let z(h) = 9*h**2 - 9*h**2 + h**2 + 5 - 11*h. Let a(q) = q. Let j(o) = 5*a(o) + z(o). Calculate j(5).
0
Let q(y) = y + 7. Let i(l) = 19*l**2 + 36*l + 2. Let n be i(-2). What is q(n)?
13
Let g(x) = 16*x - 1. Suppose -5*m + c = 26, 2 = -m - 2*c - 1. Let t(l) = -6*l. Let w(q) = -5*q. Let f(y) = m*w(y) + 4*t(y). Let s be f(-1). What is g(s)?
-17
Let c = -7263 - -7286. Let i(a) be the second derivative of 2*a**2 - 2/3*a**3 + 0 + c*a. Determine i(6).
-20
Let b(z) = z**3 - 4*z**2 - 2*z + 2. Let c(t) = 14*t + 68. Suppose -r - 23 = 5*j, j - 5*r = -14 - 1. Let o be c(j). Give b(o).
-18
Let k(q) = -q**2. Let f(w) = -5*w**2 + 4*w - 2. Let b(g) = -f(g) + 6*k(g). Let o(l) = l**3 + 5*l**2 + 20*l - 10. Let p(d) = 11*b(d) + 2*o(d). Calculate p(3).
35
Let q(w) = 3850*w**2 - 7712*w**2 + 3861*w**2 - 6 - 4*w. Calculate q(-3).
-3
Let y(r) be the first derivative of -2*r**3/3 + 14*r**2 + 17*r + 2985. What is y(14)?
17
Let w(t) = -7*t - 652. Let v(s) = 11*s + 667. Let j(q) = 6*v(q) + 7*w(q). What is j(33)?
-1
Let m(t) be the second derivative of -t**5/20 - 3*t**4/2 - 8*t**3/3 + 3*t**2 + 1084*t. Determine m(-17).
-11
Let k(y) = y - 10. Let x(n) = -586 + 308 + 297 + 2*n. Let w be x(-6). Calculate k(w).
-3
Let j(a) be the first derivative of a**3 - 11*a**2/2 + 4*a + 930. Calculate j(5).
24
Suppose 2*k + 10 - 18 = 6. Let p(r) = 23*r - 135. Calculate p(k).
26
Let n be (-18)/(-99) - 2060/(-44). Let p(u) = 22*u + 24*u + u**3 - n*u. What is p(2)?
6
Let m(l) = -l**3 - 9*l**2 + 6*l - 23. Let v be (6/9)/(9/(-135)). Give m(v).
17
Let p(f) = -f**2 - 8*f - 6. Let r(v) = -3*v**2 - 40*v + 7. Let c be r(-7). Suppose 0 = -5*m - 180 + c. Determine p(m).
-6
Let z = -3 - -1. Let c(u) = -u**2 - 2*u + 3. Let i be c(z). Suppose 0 = 5*y + r - 19, 2 = 4*y - i*y + 2*r. Let v(l) = -2*l**2 + 8*l - 6. Give v(y).
-6
Let q be 4739/(-42) + 15/18 + -1. Let p = q - -108. Let u(y) = 0*y + 2*y - 1 + 3. Give u(p).
-8
Let x be (46/(-69))/(4/(-18)). Let n(f) = 12*f**2 - 124*f**3 - 123*f**x + 248*f**3 + 12 + 12*f. Suppose -3*a + k - 37 = -0*a, k + 40 = -4*a. What is n(a)?
1
Let m(w) = -17*w + 76. Let b be m(5). Let j(a) be the second derivative of a**5/20 + 5*a**4/6 + 3*a**3/2 + 13*a**2/2 - 55*a. What is j(b)?
13
Let x(g) = -2*g - 33. Let n(i) = -i + 3. Let k(t) = -6*n(t) + 2*x(t). What is k(28)?
-28
Let z(s) = -5*s + 3*s - 3 + 0*s. Suppose 7*b = 173 - 166. Let h be (-3 - (-12)/3)/(b/4). What is z(h)?
-11
Suppose 15*j - 384 = -504. Let l(z) = 10*z + 65. Calculate l(j).
-15
Let x(d) = 5*d**2 + 12*d + 255. Let i(h) = 6*h**2 + 11*h + 284. Let v(m) = -6*i(m) + 7*x(m). Calculate v(22).
-7
Let x(q) be the second derivative of -q**6/120 + q**5/12 - 7*q**4/24 + q**3 - 2*q**2 + 2*q + 49. Let v(w) be the first derivative of x(w). Determine v(4).
-6
Let s be -1 + 1 + -2*21/6. Let x(j) = j + 6. Let k(l) = -1. Let q be (-6)/15*-5 + 3. Let b(f) = q*k(f) - x(f). What is b(s)?
-4
Let w(d) = d**3 - 90*d**2 + 55*d - 7. Let x(f) = 5*f**3 - 269*f**2 + 177*f - 21. Let n(y) = 7*w(y) - 2*x(y). Calculate n(-31).
-7
Let u(d) = d**3 - 22*d**2 + 17*d + 98. Let a be u(21). Let s(p) = 38*p - 538. Calculate s(a).
-6
Let v(d) be the second derivative of -d**4/12 + 4*d**3/3 - 5*d**2/2 + 66*d. Let t be ((-20)/6)/(18/(-81)). Suppose 0*l + 3*l - t = 0. Determine v(l).
10
Let o be (-4)/(-6) - (-8)/6. Let c(r) be the third derivative of 1/60*r**6 + 1/12*r**4 + 1 - 1/3*r**3 - 1/60*r**5 + 0*r - 53*r**2. Calculate c(o).
14
Let b = -9629 - -9640. Let y(g) = -3*g**3 - 3 + 2*g**3 + 7*g**2 - 11*g + 5*g**2. Determine y(b).
-3
Let n(d) = d**3 - 5*d**2 - 3. Suppose 0 = -2*l + 19 + 13. Let z be 1/((l/30)/(-8)). Let i be (4/10 + (-69)/z)/1. Determine n(i).
-3
Let a(n) = -n**3 + 5*n**2 - 6*n + 7. Suppose 5*t - 3*w - 31 = 0, -4*w = -66*t + 62*t + 36. Give a(t).
7
Let r(q) = q**2 + q - 4. Let p(a) = -8*a + 347. Let m be p(43). Let u be (-15)/(-6)*m/(30/(-16)). Give r(u).
8
Let d(x) = -4*x + 8. Let g be 7/(252/116) - 4/18. Determine d(g).
-4
Suppose 6*q + 19 - 29 = 2. Let g(d) = -4*d**3 - 2*d**2 + 3*d + 2. Calculate g(q).
-32
Let k(u) = -3*u - 1. Let a(t) be the first derivative of t**4/2 - t - 271. Let s be ((-2)/(-3))/((-2)/3). Let m be a(s). Give k(m).
8
Let x(w) = -11*w**2 + 31*w + 17. Let l(i) = 5*i**2 - 14*i - 8. Let v = 459 + -463. Let a(o) = v*x(o) - 9*l(o). Determine a(3).
1
Let t(q) be the second derivative of q**5/20 + q**4/6 - 19*q**3/6 + 5*q**2/2 + 5*q - 26. What is t(3)?
-7
Let t(h) be the first derivative of -8*h - 3/2*h**2 + 105. Calculate t(-3).
1
Let a(m) = -3*m + 99. Let v(t) = t**3 + 34*t**2 + 65*t + 66. Let c be v(-32). Calculate a(c).
-3
Suppose 7*p - 16*p - 5202 = 0. Let c = -579 - p. Let o(j) be the first derivative of 15*j**4/4 - j + 2. Calculate o(c).
-16
Let j(u) = 2*u**2 + 32*u - 66. Let h(x) = -17*x**3 + 425*x**2 - 18. Let o be h(25). Calculate j(o).
6
Let v(u) = 24*u**3 - 69*u**2 - 97*u - 183. Let p(w) = 11*w**3 - 35*w**2 - 48*w - 91. Let d(l) = -13*p(l) + 6*v(l). Give d(-40).
5
Let x(y) = 3*y**2 - y - 1. Let f(w) = -w**2 + 10*w - 3. Let b be f(-6). Let u be 1/((-6)/33 - (-15)/b). Let s be 0 - (-9)/(-5) - u/(-15). Give x(s).
13
Let h = 5535 + -16603/3. Let t(v) be the second derivative of 1/2*v**2 + 0 - h*v**3 + 2*v. Give t(1).
-3
Let f = 1727 + -34539/20. Let k(m) be the second derivative of m**3 - 17*m